 1951 (base 10) in base 7?
5455
Convert -312011 (base 4) to base 16.
-d85
Convert 146110 (base 7) to base 3.
1110010111
Convert 3422 (base 5) to base 11.
403
1725 (base 12) to base 15
c45
Convert 551 (base 13) to base 6.
4115
Convert 59c (base 13) to base 8.
1716
Convert 81f (base 16) to base 5.
31304
What is -59a (base 14) in base 8?
-2134
What is -3402424 (base 5) in base 4?
-32211123
What is 45620 (base 7) in base 16?
2d6b
What is 5215 (base 9) in base 3?
12020112
What is 324 (base 7) in base 13?
c9
What is -572 (base 9) in base 5?
-3340
Convert -376 (base 9) to base 11.
-264
What is -4162 (base 9) in base 5?
-44203
Convert 5a1b (base 14) to base 6.
200413
-101101 (base 4) to base 16
-451
Convert -13662 (base 8) to base 10.
-6066
Convert 16a16 (base 14) to base 11.
397a1
What is 2a87 (base 13) in base 9?
8443
What is 668 (base 9) in base 10?
548
What is -1161 (base 9) in base 7?
-2344
What is -2317 (base 10) in base 12?
-1411
What is -409 (base 16) in base 15?
-48d
Convert 100101101 (base 2) to base 8.
455
Convert 3262a (base 11) to base 5.
3003333
1213 (base 5) to base 10
183
2a25 (base 16) to base 6
121541
Convert 1537 (base 8) to base 11.
715
a79b (base 13) to base 2
101101011110001
Convert -7a89 (base 13) to base 2.
-100001100011110
Convert -2830 (base 13) to base 4.
-1122121
Convert -52 (base 8) to base 9.
-46
Convert 152144 (base 6) to base 16.
39a0
2515 (base 12) to base 10
4193
What is -223a7 (base 13) in base 16?
-f2d0
What is -100313 (base 4) in base 2?
-10000110111
Convert -18c (base 14) to base 9.
-385
-2041 (base 8) to base 3
-1110011
-2137 (base 8) to base 16
-45f
Convert -9a4 (base 14) to base 2.
-11101110100
What is -115521 (base 6) in base 5?
-312340
Convert 112004 (base 7) to base 15.
5d68
Convert 9792 (base 12) to base 6.
205102
12422 (base 5) to base 8
1733
Convert 4375 (base 9) to base 8.
6233
574 (base 14) to base 9
1432
607 (base 12) to base 9
1167
1e5 (base 15) to base 10
440
Convert 10a71 (base 12) to base 8.
53365
What is 24250 (base 6) in base 4?
313212
Convert -10224 (base 7) to base 16.
-9d5
What is 13321 (base 7) in base 5?
103332
What is -330333 (base 4) in base 8?
-7477
What is 95 (base 11) in base 14?
76
-16b4 (base 15) to base 16
-131e
Convert -5220 (base 8) to base 6.
-20304
Convert -9f (base 16) to base 7.
-315
-376 (base 12) to base 7
-1344
17 (base 10) to base 12
15
Convert -2795 (base 11) to base 14.
-1461
Convert 72841 (base 10) to base 15.
168b1
What is -31205 (base 10) in base 3?
-1120210202
Convert 219c (base 15) to base 9.
10683
Convert -1002120 (base 3) to base 15.
-383
Convert -1010010001101111 (base 2) to base 10.
-42095
What is b4 (base 15) in base 6?
441
What is -223233 (base 5) in base 14?
-2c75
-1210100 (base 3) to base 14
-693
What is 23991 (base 13) in base 10?
65352
What is -3767 (base 15) in base 14?
-4429
574 (base 8) to base 11
316
-24c (base 14) to base 15
-20a
110211200 (base 3) to base 12
5500
777 (base 8) to base 4
13333
What is -81 (base 13) in base 16?
-69
What is -130 (base 10) in base 2?
-10000010
-646c (base 16) to base 11
-18351
372 (base 8) to base 4
3322
22221 (base 3) to base 4
3301
Convert 1231 (base 14) to base 10.
3179
What is 111b (base 12) in base 13?
b2a
Convert -1100101111010010 (base 2) to base 4.
-30233102
547e (base 15) to base 6
214502
246 (base 8) to base 5
1131
What is -4300 (base 5) in base 4?
-20333
-5469 (base 13) to base 9
-17103
Convert -412 (base 14) to base 6.
-3412
What is 964 (base 11) in base 7?
3244
Convert 30209 (base 10) to base 14.
b01b
What is -101111001101 (base 2) in base 12?
-18b9
Convert 7a2 (base 16) to base 10.
1954
-378 (base 11) to base 8
-700
-a40 (base 14) to base 3
-2202200
Convert 107451 (base 9) to base 8.
176012
-680 (base 10) to base 5
-10210
Convert 230351 (base 6) to base 4.
10301323
What is -1446 (base 9) in base 13?
-663
-4656 (base 14) to base 10
-12228
Convert 1020021 (base 4) to base 7.
16314
-66a2 (base 14) to base 16
-4576
What is 675 (base 15) in base 13?
884
Convert 802 (base 9) to base 5.
10100
10102202 (base 3) to base 9
3382
Convert -6851 (base 12) to base 9.
-16787
1c18 (base 15) to base 9
8325
Convert -1010221222 (base 3) to base 13.
-a373
Convert 1a1a2 (base 14) to base 6.
1230242
Convert -542 (base 6) to base 5.
-1311
Convert -13212300 (base 4) to base 2.
-111100110110000
What is 201021 (base 3) in base 12?
374
What is -111000001011 (base 2) in base 7?
-13324
893 (base 14) to base 3
2022212
What is -5182 (base 12) in base 2?
-10001010110010
-1532 (base 10) to base 5
-22112
What is -30255 (base 7) in base 16?
-1cad
What is 21189 (base 11) in base 13?
11058
What is 1600 (base 8) in base 9?
1205
What is 311540 (base 6) in base 15?
7649
What is 29318 (base 11) in base 13?
15c54
What is 30 (base 7) in base 11?
1a
Convert 2010 (base 3) to base 5.
212
Convert 166 (base 9) to base 11.
119
Convert -6966 (base 12) to base 4.
-2313132
What is -639 (base 11) in base 16?
-300
What is 23ef (base 16) in base 15?
2ad4
Convert -75 (base 10) to base 9.
-83
-1311140 (base 5) to base 15
-799a
Convert 355 (base 7) to base 8.
273
What is -2d83 (base 15) in base 8?
-23106
What is 1277 (base 11) in base 10?
1657
What is -1003110 (base 4) in base 12?
-25b0
-73aa (base 11) to base 14
-3800
Convert -3764 (base 12) to base 4.
-1201330
What is 11100000011 (base 2) in base 9?
2414
Convert -499 (base 11) to base 7.
-1504
-13042 (base 7) to base 6
-24004
-24566 (base 7) to base 3
-22212112
Convert 20220 (base 3) to base 12.
136
What is 43 (base 13) in base 6?
131
Convert 33424 (base 5) to base 9.
3216
What is -1776 (base 14) in base 9?
-5708
301d (base 16) to base 11
9288
Convert b9 (base 16) to base 6.
505
130021 (base 4) to base 12
1061
What is 20a5 (base 11) in base 3?
10210212
What is 2161 (base 7) in base 6?
3334
Convert -132 (base 12) to base 8.
-266
What is -b25 (base 15) in base 8?
-4716
What is 60551 (base 8) in base 3?
1021012121
a72 (base 12) to base 8
2766
What is -b02 (base 15) in base 6?
-15245
7061 (base 8) to base 5
104013
Convert 32a (base 16) to base 2.
1100101010
Convert 41467 (base 8) to base 14.
63b1
What is -2331 (base 6) in base 13?
-340
What is 3231220 (base 4) in base 13?
6bcb
-24660 (base 10) to base 12
-12330
-33212 (base 4) to base 14
-514
3302 (base 5) to base 7
1214
-10000012101 (base 3) to base 15
-12814
-3023 (base 5) to base 10
-388
What is -862 (base 16) in base 2?
-100001100010
221020000 (base 3) to base 10
18387
Convert 1001011010110 (base 2) to base 6.
34154
Convert 40553 (base 7) to base 5.
304022
What is 3503 (base 8) in base 3?
2112212
What is -153763 (base 8) in base 11?
-38598
Convert 509 (base 10) to base 6.
2205
Convert 3320 (base 10) to base 4.
303320
What is 1653 (base 10) in base 6?
11353
375 (base 13) to base 2
1001011011
What is -2033311 (base 4) in base 14?
-34d7
Convert 18b (base 12) to base 3.
100022
What is a5e (base 16) in base 3?
10122022
What is -37d4 (base 15) in base 4?
-2321323
Convert -2295 (base 16) to base 15.
-2953
-2277 (base 11) to base 2
-101110101100
What is -4411 (base 9) in base 12?
-1a6a
Convert 263 (base 7) to base 13.
b0
What is -12077 (base 11) in base 2?
-100001111101011
What is 20023231 (base 4) in base 9?
50871
What is 2553 (base 6) in base 12?
459
What is 12043 (base 7) in base 9?
4244
Convert -10011101001 (base 2) to base 9.
-1646
Convert -10200112 (base 3) to base 14.
-d9d
What is 10065 (base 7) in base 15?
ad3
Convert 200101 (base 3) to base 10.
496
Convert 45 (base 13) to base 3.
2010
What is 11010 (base 3) in base 15?
76
Convert 10630 (base 7) to base 8.
5234
-2020 (base 6) to base 3
-121110
Convert -1111001111101 (base 2) to base 9.
-11632
213222 (base 4) to base 5
40123
Convert -33 (base 5) to base 15.
-13
What is -13ba6 (base 13) in base 16?
-911b
What is 1001110101001 (base 2) in base 16?
13a9
What is 9a (base 13) in base 4?
1333
Convert 103323 (base 8) to base 10.
34515
What is 9055 (base 16) in base 14?
d673
22222112 (base 3) to base 10
6548
What is 48257 (base 9) in base 6?
405254
What is -d9 (base 14) in base 10?
-191
-121d0 (base 16) to base 12
-36b28
What is 5215 (base 8) in base 7?
10606
What is 221011 (base 3) in base 9?
834
-2044023 (base 5) to base 10
-34263
-42500 (base 6) to base 7
-22620
What is 101020122 (base 3) in base 15?
232e
1202000201